[INFO] cloning repository https://github.com/fxleblanc/simple-web
[INFO] running `Command { std: "git" "-c" "credential.helper=" "-c" "credential.helper=/workspace/cargo-home/bin/git-credential-null" "clone" "--bare" "https://github.com/fxleblanc/simple-web" "/workspace/cache/git-repos/https%3A%2F%2Fgithub.com%2Ffxleblanc%2Fsimple-web", kill_on_drop: false }`
[INFO] [stderr] Cloning into bare repository '/workspace/cache/git-repos/https%3A%2F%2Fgithub.com%2Ffxleblanc%2Fsimple-web'...
[INFO] running `Command { std: "git" "rev-parse" "HEAD", kill_on_drop: false }`
[INFO] [stdout] 4abfc450da4b6162fc84cca0237c53fda916ef46
[INFO] checking fxleblanc/simple-web against try#72f88fc4e9458f89516a0b8b0868f3718aec5b47 for pr-74989
[INFO] running `Command { std: "git" "clone" "/workspace/cache/git-repos/https%3A%2F%2Fgithub.com%2Ffxleblanc%2Fsimple-web" "/workspace/builds/worker-6/source", kill_on_drop: false }`
[INFO] [stderr] Cloning into '/workspace/builds/worker-6/source'...
[INFO] [stderr] done.
[INFO] validating manifest of git repo https://github.com/fxleblanc/simple-web on toolchain 72f88fc4e9458f89516a0b8b0868f3718aec5b47
[INFO] running `Command { std: "/workspace/cargo-home/bin/cargo" "+72f88fc4e9458f89516a0b8b0868f3718aec5b47" "read-manifest" "--manifest-path" "Cargo.toml", kill_on_drop: false }`
[INFO] started tweaking git repo https://github.com/fxleblanc/simple-web
[INFO] finished tweaking git repo https://github.com/fxleblanc/simple-web
[INFO] tweaked toml for git repo https://github.com/fxleblanc/simple-web written to /workspace/builds/worker-6/source/Cargo.toml
[INFO] crate git repo https://github.com/fxleblanc/simple-web already has a lockfile, it will not be regenerated
[INFO] running `Command { std: "/workspace/cargo-home/bin/cargo" "+72f88fc4e9458f89516a0b8b0868f3718aec5b47" "fetch" "--locked" "--manifest-path" "Cargo.toml", kill_on_drop: false }`
[INFO] [stderr] error: the lock file /workspace/builds/worker-6/source/Cargo.lock needs to be updated but --locked was passed to prevent this
[INFO] [stderr] If you want to try to generate the lock file without accessing the network, use the --offline flag.
[INFO] the lockfile is outdated, regenerating it
[INFO] running `Command { std: "/workspace/cargo-home/bin/cargo" "+72f88fc4e9458f89516a0b8b0868f3718aec5b47" "generate-lockfile" "--manifest-path" "Cargo.toml" "-Zno-index-update", kill_on_drop: false }`
[INFO] running `Command { std: "/workspace/cargo-home/bin/cargo" "+72f88fc4e9458f89516a0b8b0868f3718aec5b47" "fetch" "--locked" "--manifest-path" "Cargo.toml", kill_on_drop: false }`
[INFO] [stderr]  Downloading crates ...
[INFO] [stderr]   Downloaded route-recognizer v0.2.0
[INFO] [stderr]   Downloaded mount v0.0.7
[INFO] [stderr]   Downloaded router v0.0.10
[INFO] running `Command { std: "docker" "create" "-v" "/var/lib/crater-agent-workspace/builds/worker-6/target:/opt/rustwide/target:rw,Z" "-v" "/var/lib/crater-agent-workspace/builds/worker-6/source:/opt/rustwide/workdir:ro,Z" "-v" "/var/lib/crater-agent-workspace/cargo-home:/opt/rustwide/cargo-home:ro,Z" "-v" "/var/lib/crater-agent-workspace/rustup-home:/opt/rustwide/rustup-home:ro,Z" "-e" "SOURCE_DIR=/opt/rustwide/workdir" "-e" "CARGO_TARGET_DIR=/opt/rustwide/target" "-e" "CARGO_HOME=/opt/rustwide/cargo-home" "-e" "RUSTUP_HOME=/opt/rustwide/rustup-home" "-w" "/opt/rustwide/workdir" "-m" "1610612736" "--user" "0:0" "--network" "none" "rustops/crates-build-env@sha256:d92eaeed33fa75130ca1ee6c8a01d1ffb62bac859dfdfb3450e3e5d1c0146529" "/opt/rustwide/cargo-home/bin/cargo" "+72f88fc4e9458f89516a0b8b0868f3718aec5b47" "metadata" "--no-deps" "--format-version=1", kill_on_drop: false }`
[INFO] [stdout] 6c55b78ecf8cf83c6dda804b943c101ddf79371d72bcaed7a7fc95931607d09e
[INFO] [stderr] WARNING: Your kernel does not support swap limit capabilities or the cgroup is not mounted. Memory limited without swap.
[INFO] running `Command { std: "docker" "start" "-a" "6c55b78ecf8cf83c6dda804b943c101ddf79371d72bcaed7a7fc95931607d09e", kill_on_drop: false }`
[INFO] running `Command { std: "docker" "inspect" "6c55b78ecf8cf83c6dda804b943c101ddf79371d72bcaed7a7fc95931607d09e", kill_on_drop: false }`
[INFO] running `Command { std: "docker" "rm" "-f" "6c55b78ecf8cf83c6dda804b943c101ddf79371d72bcaed7a7fc95931607d09e", kill_on_drop: false }`
[INFO] [stdout] 6c55b78ecf8cf83c6dda804b943c101ddf79371d72bcaed7a7fc95931607d09e
[INFO] running `Command { std: "docker" "create" "-v" "/var/lib/crater-agent-workspace/builds/worker-6/target:/opt/rustwide/target:rw,Z" "-v" "/var/lib/crater-agent-workspace/builds/worker-6/source:/opt/rustwide/workdir:ro,Z" "-v" "/var/lib/crater-agent-workspace/cargo-home:/opt/rustwide/cargo-home:ro,Z" "-v" "/var/lib/crater-agent-workspace/rustup-home:/opt/rustwide/rustup-home:ro,Z" "-e" "SOURCE_DIR=/opt/rustwide/workdir" "-e" "CARGO_TARGET_DIR=/opt/rustwide/target" "-e" "CARGO_INCREMENTAL=0" "-e" "RUST_BACKTRACE=full" "-e" "RUSTFLAGS=--cap-lints=forbid" "-e" "CARGO_HOME=/opt/rustwide/cargo-home" "-e" "RUSTUP_HOME=/opt/rustwide/rustup-home" "-w" "/opt/rustwide/workdir" "-m" "1610612736" "--user" "0:0" "--network" "none" "rustops/crates-build-env@sha256:d92eaeed33fa75130ca1ee6c8a01d1ffb62bac859dfdfb3450e3e5d1c0146529" "/opt/rustwide/cargo-home/bin/cargo" "+72f88fc4e9458f89516a0b8b0868f3718aec5b47" "check" "--frozen" "--all" "--all-targets" "--message-format=json", kill_on_drop: false }`
[INFO] [stdout] 4bc75e00602664f4eda6961008a3146107dc85c24fb3b5eb623cfa7559e52824
[INFO] [stderr] WARNING: Your kernel does not support swap limit capabilities or the cgroup is not mounted. Memory limited without swap.
[INFO] running `Command { std: "docker" "start" "-a" "4bc75e00602664f4eda6961008a3146107dc85c24fb3b5eb623cfa7559e52824", kill_on_drop: false }`
[INFO] [stderr]    Compiling autocfg v0.1.7
[INFO] [stderr]    Compiling version_check v0.1.5
[INFO] [stderr]    Compiling libc v0.2.77
[INFO] [stderr]     Checking matches v0.1.8
[INFO] [stderr]     Checking cfg-if v0.1.10
[INFO] [stderr]    Compiling httparse v1.3.4
[INFO] [stderr]     Checking percent-encoding v1.0.1
[INFO] [stderr]     Checking language-tags v0.2.2
[INFO] [stderr]     Checking modifier v0.1.0
[INFO] [stderr]     Checking percent-encoding v2.1.0
[INFO] [stderr]     Checking route-recognizer v0.2.0
[INFO] [stderr]     Checking plugin v0.2.6
[INFO] [stderr]     Checking log v0.4.11
[INFO] [stderr]     Checking unicode-bidi v0.3.4
[INFO] [stderr]     Checking log v0.3.9
[INFO] [stderr]    Compiling unicase v1.4.2
[INFO] [stderr]    Compiling rand_pcg v0.1.2
[INFO] [stderr]    Compiling rand_chacha v0.1.1
[INFO] [stderr]    Compiling rand v0.6.5
[INFO] [stderr]     Checking idna v0.1.5
[INFO] [stderr]     Checking idna v0.2.0
[INFO] [stderr]     Checking mime v0.2.6
[INFO] [stderr]     Checking phf_shared v0.7.24
[INFO] [stderr]     Checking url v1.7.2
[INFO] [stderr]     Checking phf v0.7.24
[INFO] [stderr]     Checking url v2.1.1
[INFO] [stderr]    Compiling rand_os v0.1.3
[INFO] [stderr]     Checking time v0.1.44
[INFO] [stderr]     Checking num_cpus v1.13.0
[INFO] [stderr]     Checking hyper v0.10.16
[INFO] [stderr]    Compiling phf_generator v0.7.24
[INFO] [stderr]    Compiling phf_codegen v0.7.24
[INFO] [stderr]    Compiling mime_guess v1.8.8
[INFO] [stderr]     Checking iron v0.6.1
[INFO] [stderr]     Checking router v0.0.10
[INFO] [stderr]     Checking mount v0.0.7
[INFO] [stdout] error[E0283]: type annotations needed
[INFO] [stdout]   --> /opt/rustwide/cargo-home/registry/src/github.com-1ecc6299db9ec823/mount-0.0.7/src/mount.rs:71:20
[INFO] [stdout]    |
[INFO] [stdout] 71 |         self.inner.insert(key.as_ref(), Match {
[INFO] [stdout]    |                    ^^^^^^ cannot infer type for reference `&_`
[INFO] [stdout]    |
[INFO] [stdout]    = note: cannot satisfy `&_: IntoIterator`
[INFO] [stdout] 
[INFO] [stdout] 
[INFO] [stdout] error[E0615]: attempted to take value of method `path` on type `iron::Url`
[INFO] [stdout]   --> /opt/rustwide/cargo-home/registry/src/github.com-1ecc6299db9ec823/mount-0.0.7/src/mount.rs:84:34
[INFO] [stdout]    |
[INFO] [stdout] 84 |             let path = &*req.url.path;
[INFO] [stdout]    |                                  ^^^^ method, not a field
[INFO] [stdout]    |
[INFO] [stdout] help: use parentheses to call the method
[INFO] [stdout]    |
[INFO] [stdout] 84 |             let path = &*req.url.path();
[INFO] [stdout]    |                                      ^^
[INFO] [stdout] 
[INFO] [stdout] 
[INFO] [stdout] error[E0615]: attempted to take value of method `path` on type `iron::Url`
[INFO] [stdout]    --> /opt/rustwide/cargo-home/registry/src/github.com-1ecc6299db9ec823/mount-0.0.7/src/mount.rs:114:17
[INFO] [stdout]     |
[INFO] [stdout] 114 |         req.url.path = req.url.path[matched.length..].to_vec();
[INFO] [stdout]     |                 ^^^^ method, not a field
[INFO] [stdout]     |
[INFO] [stdout]     = help: methods are immutable and cannot be assigned to
[INFO] [stdout] 
[INFO] [stdout] 
[INFO] [stdout] error[E0615]: attempted to take value of method `path` on type `iron::Url`
[INFO] [stdout]    --> /opt/rustwide/cargo-home/registry/src/github.com-1ecc6299db9ec823/mount-0.0.7/src/mount.rs:114:32
[INFO] [stdout]     |
[INFO] [stdout] 114 |         req.url.path = req.url.path[matched.length..].to_vec();
[INFO] [stdout]     |                                ^^^^ method, not a field
[INFO] [stdout]     |
[INFO] [stdout] help: use parentheses to call the method
[INFO] [stdout]     |
[INFO] [stdout] 114 |         req.url.path = req.url.path()[matched.length..].to_vec();
[INFO] [stdout]     |                                    ^^
[INFO] [stdout] 
[INFO] [stdout] 
[INFO] [stdout] error: aborting due to 4 previous errors
[INFO] [stdout] 
[INFO] [stdout] 
[INFO] [stdout] Some errors have detailed explanations: E0283, E0615.
[INFO] [stdout] 
[INFO] [stdout] For more information about an error, try `rustc --explain E0283`.
[INFO] [stdout] 
[INFO] [stderr] error: could not compile `mount`.
[INFO] [stderr] 
[INFO] [stderr] To learn more, run the command again with --verbose.
[INFO] [stderr] warning: build failed, waiting for other jobs to finish...
[INFO] [stdout] error[E0615]: attempted to take value of method `path` on type `iron::Url`
[INFO] [stdout]    --> /opt/rustwide/cargo-home/registry/src/github.com-1ecc6299db9ec823/router-0.0.10/src/router.rs:136:19
[INFO] [stdout]     |
[INFO] [stdout] 136 |         while url.path.len() != 1 && url.path.last() == Some(&String::new()) {
[INFO] [stdout]     |                   ^^^^ method, not a field
[INFO] [stdout]     |
[INFO] [stdout] help: use parentheses to call the method
[INFO] [stdout]     |
[INFO] [stdout] 136 |         while url.path().len() != 1 && url.path.last() == Some(&String::new()) {
[INFO] [stdout]     |                       ^^
[INFO] [stdout] 
[INFO] [stdout] 
[INFO] [stdout] error[E0615]: attempted to take value of method `path` on type `iron::Url`
[INFO] [stdout]    --> /opt/rustwide/cargo-home/registry/src/github.com-1ecc6299db9ec823/router-0.0.10/src/router.rs:136:42
[INFO] [stdout]     |
[INFO] [stdout] 136 |         while url.path.len() != 1 && url.path.last() == Some(&String::new()) {
[INFO] [stdout]     |                                          ^^^^ method, not a field
[INFO] [stdout]     |
[INFO] [stdout] help: use parentheses to call the method
[INFO] [stdout]     |
[INFO] [stdout] 136 |         while url.path.len() != 1 && url.path().last() == Some(&String::new()) {
[INFO] [stdout]     |                                              ^^
[INFO] [stdout] 
[INFO] [stdout] 
[INFO] [stdout] error[E0615]: attempted to take value of method `path` on type `iron::Url`
[INFO] [stdout]    --> /opt/rustwide/cargo-home/registry/src/github.com-1ecc6299db9ec823/router-0.0.10/src/router.rs:137:17
[INFO] [stdout]     |
[INFO] [stdout] 137 |             url.path.pop();
[INFO] [stdout]     |                 ^^^^ method, not a field
[INFO] [stdout]     |
[INFO] [stdout] help: use parentheses to call the method
[INFO] [stdout]     |
[INFO] [stdout] 137 |             url.path().pop();
[INFO] [stdout]     |                     ^^
[INFO] [stdout] 
[INFO] [stdout] 
[INFO] [stdout] error[E0615]: attempted to take value of method `path` on type `iron::Url`
[INFO] [stdout]    --> /opt/rustwide/cargo-home/registry/src/github.com-1ecc6299db9ec823/router-0.0.10/src/router.rs:159:20
[INFO] [stdout]     |
[INFO] [stdout] 159 |         if req.url.path.len() != 1 && Some(&String::new()) == req.url.path.last() {
[INFO] [stdout]     |                    ^^^^ method, not a field
[INFO] [stdout]     |
[INFO] [stdout] help: use parentheses to call the method
[INFO] [stdout]     |
[INFO] [stdout] 159 |         if req.url.path().len() != 1 && Some(&String::new()) == req.url.path.last() {
[INFO] [stdout]     |                        ^^
[INFO] [stdout] 
[INFO] [stdout] 
[INFO] [stdout] error[E0615]: attempted to take value of method `path` on type `iron::Url`
[INFO] [stdout]    --> /opt/rustwide/cargo-home/registry/src/github.com-1ecc6299db9ec823/router-0.0.10/src/router.rs:159:71
[INFO] [stdout]     |
[INFO] [stdout] 159 |         if req.url.path.len() != 1 && Some(&String::new()) == req.url.path.last() {
[INFO] [stdout]     |                                                                       ^^^^ method, not a field
[INFO] [stdout]     |
[INFO] [stdout] help: use parentheses to call the method
[INFO] [stdout]     |
[INFO] [stdout] 159 |         if req.url.path.len() != 1 && Some(&String::new()) == req.url.path().last() {
[INFO] [stdout]     |                                                                           ^^
[INFO] [stdout] 
[INFO] [stdout] 
[INFO] [stdout] error[E0615]: attempted to take value of method `path` on type `iron::Url`
[INFO] [stdout]    --> /opt/rustwide/cargo-home/registry/src/github.com-1ecc6299db9ec823/router-0.0.10/src/router.rs:164:28
[INFO] [stdout]     |
[INFO] [stdout] 164 |         let path = req.url.path.connect("/");
[INFO] [stdout]     |                            ^^^^ method, not a field
[INFO] [stdout]     |
[INFO] [stdout] help: use parentheses to call the method
[INFO] [stdout]     |
[INFO] [stdout] 164 |         let path = req.url.path().connect("/");
[INFO] [stdout]     |                                ^^
[INFO] [stdout] 
[INFO] [stdout] 
[INFO] [stdout] error: aborting due to 6 previous errors
[INFO] [stdout] 
[INFO] [stdout] 
[INFO] [stdout] For more information about this error, try `rustc --explain E0615`.
[INFO] [stdout] 
[INFO] [stderr] error: build failed
[INFO] running `Command { std: "docker" "inspect" "4bc75e00602664f4eda6961008a3146107dc85c24fb3b5eb623cfa7559e52824", kill_on_drop: false }`
[INFO] running `Command { std: "docker" "rm" "-f" "4bc75e00602664f4eda6961008a3146107dc85c24fb3b5eb623cfa7559e52824", kill_on_drop: false }`
[INFO] [stdout] 4bc75e00602664f4eda6961008a3146107dc85c24fb3b5eb623cfa7559e52824
